{"id":103256,"date":"2021-05-25T10:12:00","date_gmt":"2021-05-25T10:12:00","guid":{"rendered":"https:\/\/www.taruleinonen.fi\/?page_id=103256"},"modified":"2024-09-27T11:34:55","modified_gmt":"2024-09-27T11:34:55","slug":"home","status":"publish","type":"page","link":"https:\/\/www.taruleinonen.fi\/","title":{"rendered":"Biografia"},"content":{"rendered":"\n<p><\/p>\n\n\n\n<p><em><strong>Katse. N\u00e4hdyksi tuleminen. Kosketus. Yksin\u00e4isyys. Ihmisyys.<\/strong><\/em><br><br>Ihmissuhteiden merkitys yhdist\u00e4\u00e4 teosteni aiheet. Runollisuus ja herkkyys ovat suuntia joita kohti kuljen, oli v\u00e4lineen\u00e4 sitten sivellin tai kamera. Kuvauspaikan rakentaminen ja j\u00e4rjestely ennen kuvaushetke\u00e4 ovat t\u00e4rke\u00e4 osa ty\u00f6skentely\u00e4ni, ja siit\u00e4 l\u00f6yd\u00e4n tekemisen ilon ja tunteen, ett\u00e4 ty\u00f6 vie mukanaan. Ty\u00f6v\u00e4lineeni on p\u00e4\u00e4asiassa digikamera, mutta my\u00f6s filmikamera ja perinteiset vedostusmenetelm\u00e4t kuuluvat ty\u00f6skentelyyni.<br><br>Ty\u00f6ni kuvataiteilijana on keskittynyt viime vuosina valokuvaamiseen. Valmistuin taiteen maisteriksi Aalto-yliopiston Taiteiden ja suunnittelun korkeakoulusta 2012 ja taidemaalariksi Pekka Halosen akatemiasta 2003. Vuodesta 2002 alkaen olen osallistunut useisiin n\u00e4yttelyihin Suomessa. Teoksiani on Suomen valtion taidekokoelmassa, Valokuvataiteen museon kokoelmassa ja yksityiskokoelmissa.<\/p>\n","protected":false},"excerpt":{"rendered":"<p>Katse. N\u00e4hdyksi tuleminen. Kosketus. Yksin\u00e4isyys. Ihmisyys. Ihmissuhteiden merkitys yhdist\u00e4\u00e4 teosteni aiheet. Runollisuus ja herkkyys ovat suuntia joita kohti kuljen, oli v\u00e4lineen\u00e4 sitten sivellin tai kamera. Kuvauspaikan rakentaminen ja j\u00e4rjestely ennen kuvaushetke\u00e4 ovat t\u00e4rke\u00e4 osa ty\u00f6skentely\u00e4ni, ja siit\u00e4 l\u00f6yd\u00e4n tekemisen ilon ja tunteen, ett\u00e4 ty\u00f6 vie mukanaan. Ty\u00f6v\u00e4lineeni on p\u00e4\u00e4asiassa digikamera, mutta my\u00f6s filmikamera ja perinteiset &hellip; <\/p>\n<p class=\"link-more\"><a href=\"https:\/\/www.taruleinonen.fi\/\" class=\"more-link\">Jatka lukemista<span class=\"screen-reader-text\"> &#8221;Biografia&#8221;<\/span><\/a><\/p>\n","protected":false},"author":1,"featured_media":0,"parent":0,"menu_order":0,"comment_status":"closed","ping_status":"closed","template":"","meta":[],"yoast_head":"<!-- This site is optimized with the Yoast SEO plugin v18.5.1 - https:\/\/yoast.com\/wordpress\/plugins\/seo\/ -->\n<title>Biografia - Taru Leinonen<\/title>\n<meta name=\"description\" content=\"Valokuvataiteilija Taru Leinosen taiteessa sarjallisuus ja l\u00e4heisten ihmisten kuvaaminen ovat olennaista.\" \/>\n<meta name=\"robots\" content=\"index, follow, max-snippet:-1, max-image-preview:large, max-video-preview:-1\" \/>\n<link rel=\"canonical\" href=\"https:\/\/www.taruleinonen.fi\/\" \/>\n<meta property=\"og:locale\" content=\"fi_FI\" \/>\n<meta property=\"og:type\" content=\"article\" \/>\n<meta property=\"og:title\" content=\"Biografia - Taru Leinonen\" \/>\n<meta property=\"og:description\" content=\"Valokuvataiteilija Taru Leinosen taiteessa sarjallisuus ja l\u00e4heisten ihmisten kuvaaminen ovat olennaista.\" \/>\n<meta property=\"og:url\" content=\"https:\/\/www.taruleinonen.fi\/\" \/>\n<meta property=\"og:site_name\" content=\"Taru Leinonen\" \/>\n<meta property=\"article:modified_time\" content=\"2024-09-27T11:34:55+00:00\" \/>\n<meta name=\"twitter:card\" content=\"summary_large_image\" \/>\n<meta name=\"twitter:label1\" content=\"Arvioitu lukuaika\" \/>\n\t<meta name=\"twitter:data1\" content=\"1 minuutti\" \/>\n<script type=\"application\/ld+json\" class=\"yoast-schema-graph\">{\"@context\":\"https:\/\/schema.org\",\"@graph\":[{\"@type\":\"WebSite\",\"@id\":\"https:\/\/www.taruleinonen.fi\/#website\",\"url\":\"https:\/\/www.taruleinonen.fi\/\",\"name\":\"Taru Leinonen\",\"description\":\"&ndash; Kuvataiteilija &ndash;\",\"potentialAction\":[{\"@type\":\"SearchAction\",\"target\":{\"@type\":\"EntryPoint\",\"urlTemplate\":\"https:\/\/www.taruleinonen.fi\/?s={search_term_string}\"},\"query-input\":\"required name=search_term_string\"}],\"inLanguage\":\"fi\"},{\"@type\":\"WebPage\",\"@id\":\"https:\/\/www.taruleinonen.fi\/#webpage\",\"url\":\"https:\/\/www.taruleinonen.fi\/\",\"name\":\"Biografia - Taru Leinonen\",\"isPartOf\":{\"@id\":\"https:\/\/www.taruleinonen.fi\/#website\"},\"datePublished\":\"2021-05-25T10:12:00+00:00\",\"dateModified\":\"2024-09-27T11:34:55+00:00\",\"description\":\"Valokuvataiteilija Taru Leinosen taiteessa sarjallisuus ja l\u00e4heisten ihmisten kuvaaminen ovat olennaista.\",\"breadcrumb\":{\"@id\":\"https:\/\/www.taruleinonen.fi\/#breadcrumb\"},\"inLanguage\":\"fi\",\"potentialAction\":[{\"@type\":\"ReadAction\",\"target\":[\"https:\/\/www.taruleinonen.fi\/\"]}]},{\"@type\":\"BreadcrumbList\",\"@id\":\"https:\/\/www.taruleinonen.fi\/#breadcrumb\",\"itemListElement\":[{\"@type\":\"ListItem\",\"position\":1,\"name\":\"Etusivu\",\"item\":\"https:\/\/www.taruleinonen.fi\/\"},{\"@type\":\"ListItem\",\"position\":2,\"name\":\"Biografia\"}]}]}<\/script>\n<!-- \/ Yoast SEO plugin. -->","yoast_head_json":{"title":"Biografia - Taru Leinonen","description":"Valokuvataiteilija Taru Leinosen taiteessa sarjallisuus ja l\u00e4heisten ihmisten kuvaaminen ovat olennaista.","robots":{"index":"index","follow":"follow","max-snippet":"max-snippet:-1","max-image-preview":"max-image-preview:large","max-video-preview":"max-video-preview:-1"},"canonical":"https:\/\/www.taruleinonen.fi\/","og_locale":"fi_FI","og_type":"article","og_title":"Biografia - Taru Leinonen","og_description":"Valokuvataiteilija Taru Leinosen taiteessa sarjallisuus ja l\u00e4heisten ihmisten kuvaaminen ovat olennaista.","og_url":"https:\/\/www.taruleinonen.fi\/","og_site_name":"Taru Leinonen","article_modified_time":"2024-09-27T11:34:55+00:00","twitter_card":"summary_large_image","twitter_misc":{"Arvioitu lukuaika":"1 minuutti"},"schema":{"@context":"https:\/\/schema.org","@graph":[{"@type":"WebSite","@id":"https:\/\/www.taruleinonen.fi\/#website","url":"https:\/\/www.taruleinonen.fi\/","name":"Taru Leinonen","description":"&ndash; Kuvataiteilija &ndash;","potentialAction":[{"@type":"SearchAction","target":{"@type":"EntryPoint","urlTemplate":"https:\/\/www.taruleinonen.fi\/?s={search_term_string}"},"query-input":"required name=search_term_string"}],"inLanguage":"fi"},{"@type":"WebPage","@id":"https:\/\/www.taruleinonen.fi\/#webpage","url":"https:\/\/www.taruleinonen.fi\/","name":"Biografia - Taru Leinonen","isPartOf":{"@id":"https:\/\/www.taruleinonen.fi\/#website"},"datePublished":"2021-05-25T10:12:00+00:00","dateModified":"2024-09-27T11:34:55+00:00","description":"Valokuvataiteilija Taru Leinosen taiteessa sarjallisuus ja l\u00e4heisten ihmisten kuvaaminen ovat olennaista.","breadcrumb":{"@id":"https:\/\/www.taruleinonen.fi\/#breadcrumb"},"inLanguage":"fi","potentialAction":[{"@type":"ReadAction","target":["https:\/\/www.taruleinonen.fi\/"]}]},{"@type":"BreadcrumbList","@id":"https:\/\/www.taruleinonen.fi\/#breadcrumb","itemListElement":[{"@type":"ListItem","position":1,"name":"Etusivu","item":"https:\/\/www.taruleinonen.fi\/"},{"@type":"ListItem","position":2,"name":"Biografia"}]}]}},"_links":{"self":[{"href":"https:\/\/www.taruleinonen.fi\/index.php?rest_route=\/wp\/v2\/pages\/103256"}],"collection":[{"href":"https:\/\/www.taruleinonen.fi\/index.php?rest_route=\/wp\/v2\/pages"}],"about":[{"href":"https:\/\/www.taruleinonen.fi\/index.php?rest_route=\/wp\/v2\/types\/page"}],"author":[{"embeddable":true,"href":"https:\/\/www.taruleinonen.fi\/index.php?rest_route=\/wp\/v2\/users\/1"}],"replies":[{"embeddable":true,"href":"https:\/\/www.taruleinonen.fi\/index.php?rest_route=%2Fwp%2Fv2%2Fcomments&post=103256"}],"version-history":[{"count":16,"href":"https:\/\/www.taruleinonen.fi\/index.php?rest_route=\/wp\/v2\/pages\/103256\/revisions"}],"predecessor-version":[{"id":103507,"href":"https:\/\/www.taruleinonen.fi\/index.php?rest_route=\/wp\/v2\/pages\/103256\/revisions\/103507"}],"wp:attachment":[{"href":"https:\/\/www.taruleinonen.fi\/index.php?rest_route=%2Fwp%2Fv2%2Fmedia&parent=103256"}],"curies":[{"name":"wp","href":"https:\/\/api.w.org\/{rel}","templated":true}]}}